{"id":681,"date":"2024-07-03T11:43:20","date_gmt":"2024-07-03T09:43:20","guid":{"rendered":"https:\/\/mediaort.freisicht.net\/?page_id=681"},"modified":"2024-07-03T11:57:20","modified_gmt":"2024-07-03T09:57:20","slug":"impressum","status":"publish","type":"page","link":"https:\/\/mediaort.freisicht.net\/?page_id=681","title":{"rendered":"Impressum"},"content":{"rendered":"\n<h1 class=\"wp-block-heading\">Impressum<\/h1>\n\n\n\n<h3 class=\"wp-block-heading\">Media Ort\u00a0GmbH<\/h3>\n\n\n\n<p>Karl-Waldschmidt-Str. 2<br>35075 Gladenbach<\/p>\n\n\n\n<p>Telefon: [06462] 91 01 4<br>Telefax: [06462] 29 45<br>E-Mail:&nbsp;<a href=\"mailto:info@media-ort.de\">info@media-ort.de<\/a><\/p>\n\n\n\n<p>Redaktionell verantwortlich:<br>Markus Ort<\/p>\n\n\n\n<p><strong>Gesch\u00e4ftsf\u00fchrer\/-in, Inhaber\/-in:<\/strong><br>Markus Ort<\/p>\n\n\n\n<p><strong>Umsatzsteuer-ID:<\/strong><br>DE 241 921 269<\/p>\n\n\n\n<p>Handelsregister:<br>HRB 2912, Amtsgericht Marburg<\/p>\n\n\n\n<h3 class=\"wp-block-heading\">Hinweise zu Urheberrecht und Haftung:<\/h3>\n\n\n\n<p>Alle angebotenen Inhalte dienen ausschlie\u00dflich der Information. Die auf diesen Internetseiten \u00f6ffentlich zug\u00e4nglich gemachten Dokumente einschlie\u00dflich anderer dazugeh\u00f6riger Daten wie z.B. Texte, Bilder, Grafiken, Programmiercodes sind urheberrechtlich gesch\u00fctzt.<br>F\u00fcr Dokumente, die in elektronischer Form \u00fcber Datennetze angeboten werden, gilt uneingeschr\u00e4nkt das Urheberrechtsgesetz (UrhG).<\/p>\n\n\n\n<p>Insbesondere gilt: Einzelne Vervielf\u00e4ltigungen, z.B. Kopien und Ausdrucke, d\u00fcrfen nur zum privaten und sonstigen eigenen Gebrauch angefertigt werden (Paragraph 53 UrhG).<br>Die Herstellung und Verbreitung von weiteren Reproduktionen ist nur mit ausdr\u00fccklicher Genehmigung des Urhebers gestattet. Der Benutzer ist f\u00fcr die Einhaltung der Rechtsvorschriften selbst verantwortlich und kann bei Missbrauch haftbar gemacht werden.<\/p>\n\n\n\n<p>Alle Informationen und Inhalte auf diesen Internetseiten werden ohne Gew\u00e4hr f\u00fcr ihre Richtigkeit, Aktualit\u00e4t und Vollst\u00e4ndigkeit angeboten. In keinem Fall wird f\u00fcr Sch\u00e4den, die sich aus der Verwendung der abgerufenen Informationen ergeben, eine Haftung \u00fcbernommen.<br>F\u00fcr die Inhalte der \u00fcber Hyperlinks verbundenen Angebote auf andere Internetseiten sind die jeweiligen Betreiber verantwortlich. Wir haben keinerlei Einfluss auf die Gestaltung und die Inhalte der gelinkten Seiten. Deshalb distanzieren wir uns hiermit ausdr\u00fccklich von allen Inhalten aller gelinkten Seiten auf unserer gesamten Webseite inklusive aller Unterseiten.<\/p>\n\n\n\n<p>Diese Erkl\u00e4rung gilt f\u00fcr alle auf unserer Homepage ausgebrachten Links und f\u00fcr alle Inhalte der Seiten, zu deren Links oder Banner f\u00fchren. Die Wiedergabe von Namen und Marken sowie in den \u00f6ffentlich zug\u00e4nglich gemachten Dokumenten berechtigt auch ohne besondere Kennzeichnung nicht zu der Annahme, dass solche Namen und Marken im Sinne des Wettbewerbs- und Markenrechts als frei zu betrachten sind und von jedermann benutzt werden d\u00fcrfen. Alle angebotenen Inhalte und Dienste sowie s\u00e4mtliches mit dieser Web-Site zusammenh\u00e4ngendes Tun, Dulden oder Unterlassen unterliegt ausschlie\u00dflich deutschem Recht.<\/p>\n","protected":false},"excerpt":{"rendered":"<p>Impressum Media Ort\u00a0GmbH Karl-Waldschmidt-Str. 235075 Gladenbach Telefon: [06462] 91 01 4Telefax: [06462] 29 45E-Mail:&nbsp;info@media-ort.de Redaktionell verantwortlich:Markus Ort Gesch\u00e4ftsf\u00fchrer\/-in, Inhaber\/-in:Markus Ort Umsatzsteuer-ID:DE 241 921 269 Handelsregister:HRB 2912, Amtsgericht Marburg Hinweise zu Urheberrecht und Haftung: Alle angebotenen Inhalte dienen ausschlie\u00dflich der Information. Die auf diesen Internetseiten \u00f6ffentlich zug\u00e4nglich gemachten Dokumente einschlie\u00dflich anderer dazugeh\u00f6riger Daten wie z.B. Texte,&#8230;<\/p>\n","protected":false},"author":1,"featured_media":0,"parent":0,"menu_order":0,"comment_status":"closed","ping_status":"closed","template":"","meta":{"_kad_blocks_custom_css":"","_kad_blocks_head_custom_js":"","_kad_blocks_body_custom_js":"","_kad_blocks_footer_custom_js":"","_kad_post_transparent":"","_kad_post_title":"","_kad_post_layout":"","_kad_post_sidebar_id":"","_kad_post_content_style":"","_kad_post_vertical_padding":"","_kad_post_feature":"","_kad_post_feature_position":"","_kad_post_header":false,"_kad_post_footer":false,"footnotes":""},"class_list":["post-681","page","type-page","status-publish","hentry"],"taxonomy_info":[],"featured_image_src_large":false,"author_info":{"display_name":"fs_admin","author_link":"https:\/\/mediaort.freisicht.net\/?author=1"},"comment_info":0,"jetpack_sharing_enabled":true,"_links":{"self":[{"href":"https:\/\/mediaort.freisicht.net\/index.php?rest_route=\/wp\/v2\/pages\/681","targetHints":{"allow":["GET"]}}],"collection":[{"href":"https:\/\/mediaort.freisicht.net\/index.php?rest_route=\/wp\/v2\/pages"}],"about":[{"href":"https:\/\/mediaort.freisicht.net\/index.php?rest_route=\/wp\/v2\/types\/page"}],"author":[{"embeddable":true,"href":"https:\/\/mediaort.freisicht.net\/index.php?rest_route=\/wp\/v2\/users\/1"}],"replies":[{"embeddable":true,"href":"https:\/\/mediaort.freisicht.net\/index.php?rest_route=%2Fwp%2Fv2%2Fcomments&post=681"}],"version-history":[{"count":2,"href":"https:\/\/mediaort.freisicht.net\/index.php?rest_route=\/wp\/v2\/pages\/681\/revisions"}],"predecessor-version":[{"id":686,"href":"https:\/\/mediaort.freisicht.net\/index.php?rest_route=\/wp\/v2\/pages\/681\/revisions\/686"}],"wp:attachment":[{"href":"https:\/\/mediaort.freisicht.net\/index.php?rest_route=%2Fwp%2Fv2%2Fmedia&parent=681"}],"curies":[{"name":"wp","href":"https:\/\/api.w.org\/{rel}","templated":true}]}}